{"id":61,"date":"2025-08-13T14:13:09","date_gmt":"2025-08-13T12:13:09","guid":{"rendered":"https:\/\/zive-mesto.tr\/?page_id=61"},"modified":"2026-03-03T09:32:09","modified_gmt":"2026-03-03T08:32:09","slug":"nas-program","status":"publish","type":"page","link":"https:\/\/zive-mesto.tr\/?page_id=61","title":{"rendered":"n\u00e1\u0161 program"},"content":{"rendered":"\n<p><strong>NA\u0160\u00cdM HLAVN\u00cdM C\u00cdLEM JE<\/strong><br>vysok\u00e1 kvalita \u017eivota pro ob\u010dany na\u0161eho m\u011bsta i jeho m\u00edstn\u00edch \u010d\u00e1st\u00ed a dobr\u00e9 jm\u00e9no T\u0159eb\u00ed\u010de na Vyso\u010din\u011b, v&nbsp;\u010cesk\u00e9 republice i v&nbsp;Evrop\u011b tak, aby na\u0161e m\u011bsto napl\u0148ovalo zn\u00e1m\u00fd slogan \u201eT\u0159eb\u00ed\u010d \u2013 m\u011bsto dobr\u00fdch p\u0159\u00e1tel\u201c.<\/p>\n\n\n\n<p>Ve v\u0161ech oblastech chceme spolupracovat s v\u00e1mi &#8211; obyvateli na\u0161eho m\u011bsta. V\u00e1\u0161 n\u00e1zor n\u00e1s zaj\u00edm\u00e1 a bude zaj\u00edmat i po volb\u00e1ch. Pokud budeme zvoleni, tak to neznamen\u00e1, \u017ee z\u00edsk\u00e1me patent na rozum. Proto budeme podporovat komunitn\u00ed pl\u00e1nov\u00e1n\u00ed, ve\u0159ejn\u00e1 projedn\u00e1v\u00e1n\u00ed, spole\u010dn\u00e9 \u0159e\u0161en\u00ed koncepc\u00ed atd., abychom do rozhodov\u00e1n\u00ed o v\u011bcech d\u016fle\u017eit\u00fdch pro m\u011bsto zapojili i v\u00e1s.<\/p>\n\n\n\n<p>Po\u010d\u00edt\u00e1me tak\u00e9 s aktivn\u00ed spoluprac\u00ed s Krajem Vyso\u010dina, st\u00e1tn\u00edmi institucemi, podnikatelsk\u00fdm subjekty i neziskov\u00fdm sektorem.<\/p>\n\n\n\n<p>M\u011bsto nem\u016f\u017ee b\u00fdt \u0159\u00edzeno \u00fazkou skupinou lid\u00ed bez ohledu na n\u00e1zory jeho obyvatel.<\/p>\n\n\n\n<p><strong>PROGRAMOV\u00c9 PRIORITY<\/strong><\/p>\n\n\n\n<ol class=\"wp-block-list\">\n<li><strong>spolupr\u00e1ce s obyvateli m\u011bsta<\/strong>\n<ul class=\"wp-block-list\">\n<li>realizace konkr\u00e9tn\u00ed n\u00e1vrh\u016f od obyvatel m\u011bsta &#8211; participativn\u00ed rozpo\u010det;<\/li>\n\n\n\n<li>zapojen\u00ed obyvatel do pl\u00e1nov\u00e1n\u00ed a rozhodov\u00e1n\u00ed;<\/li>\n\n\n\n<li>spolupr\u00e1ce s neziskov\u00fdm sektorem a ob\u010dansk\u00fdmi iniciativami;<\/li>\n<\/ul>\n<\/li>\n\n\n\n<li><strong>aktivn\u00ed m\u011bsto<\/strong>\n<ul class=\"wp-block-list\">\n<li>podpora volno\u010dasov\u00fdch a sportovn\u00edch aktivit pro neorganizovanou ve\u0159ejnost v\u010detn\u011b senior\u016f;<\/li>\n\n\n\n<li>ve\u0159ejn\u011b dostupn\u00e1 h\u0159i\u0161t\u011b u \u0161kol;<\/li>\n\n\n\n<li>komplexn\u00ed \u0159e\u0161en\u00ed KD Borovina a revitalizace N\u00e1rodn\u00edho domu a F\u00f3ra;<\/li>\n<\/ul>\n<\/li>\n\n\n\n<li><strong>plynul\u00e1 doprava<\/strong>\n<ul class=\"wp-block-list\">\n<li>obchvat jako d\u016fle\u017eit\u00e1 dopravn\u00ed stavba;<\/li>\n\n\n\n<li>d\u016fsledn\u00e9 \u0159e\u0161en\u00ed parkov\u00e1n\u00ed v centru i na s\u00eddli\u0161t\u00edch;<\/li>\n\n\n\n<li>bezpe\u010dn\u00fd a plynul\u00fd pohyb po m\u011bst\u011b;<\/li>\n<\/ul>\n<\/li>\n\n\n\n<li><strong>podpora zam\u011bstnanosti a podnik\u00e1n\u00ed<\/strong>\n<ul class=\"wp-block-list\">\n<li>Dukovany jako p\u0159\u00edle\u017eitost<\/li>\n\n\n\n<li>\u00fazk\u00e1 spolupr\u00e1ce s m\u00edstn\u00edmi podnikateli na rozvoji m\u011bsta;<\/li>\n\n\n\n<li>podpora trhu pr\u00e1ce a dostupnosti slu\u017eeb;<\/li>\n\n\n\n<li>spolupr\u00e1ce firem a \u0161kol;<\/li>\n<\/ul>\n<\/li>\n\n\n\n<li><strong>o\u017eiven\u00ed centra<\/strong>\n<ul class=\"wp-block-list\">\n<li>zpr\u016fchodn\u011bn\u00ed prav\u00e9ho b\u0159ehu \u0159eky;<\/li>\n\n\n\n<li>revitalizace autobusov\u00e9ho n\u00e1dra\u017e\u00ed;<\/li>\n\n\n\n<li>\u0159e\u0161en\u00ed dopravn\u00ed obslu\u017enosti;<\/li>\n<\/ul>\n<\/li>\n\n\n\n<li><strong>dostupn\u00e9 bydlen\u00ed<\/strong>\n<ul class=\"wp-block-list\">\n<li>podpora n\u00e1jemn\u00edho bydlen\u00ed;<\/li>\n\n\n\n<li>\u00fazemn\u00ed pl\u00e1nov\u00e1n\u00ed ve prosp\u011bch bytov\u00e9 v\u00fdstavby;<\/li>\n<\/ul>\n<\/li>\n\n\n\n<li><strong>modern\u00ed vzd\u011bl\u00e1v\u00e1n\u00ed<\/strong>\n<ul class=\"wp-block-list\">\n<li>podpora zdrav\u00e9ho klimatu na \u0161kol\u00e1ch (vztahy \u0159editel &#8211; pedagogov\u00e9 &#8211; rodi\u010de);<\/li>\n\n\n\n<li>transparentn\u00ed odm\u011b\u0148ov\u00e1n\u00ed \u0159editel\u016f \u0161kol a \u0161kolsk\u00fdch za\u0159\u00edzen\u00ed z\u0159izovan\u00fdch m\u011bstem;<\/li>\n\n\n\n<li>podpora vzniku a fungov\u00e1n\u00ed \u017e\u00e1kovsk\u00fdch samospr\u00e1v;<\/li>\n<\/ul>\n<\/li>\n\n\n\n<li><strong>kvalitn\u00ed zdravotn\u00ed a soci\u00e1ln\u00ed p\u00e9\u010de<\/strong>\n<ul class=\"wp-block-list\">\n<li>\u00fazk\u00fd dialog s poskytovateli slu\u017eeb;<\/li>\n\n\n\n<li>zlep\u0161en\u00ed dostupnosti zdravotn\u00ed p\u00e9\u010de;<\/li>\n<\/ul>\n<\/li>\n\n\n\n<li><strong>zelen\u011bj\u0161\u00ed m\u011bsto<\/strong>\n<ul class=\"wp-block-list\">\n<li>obnova a roz\u0161i\u0159ov\u00e1n\u00ed zelen\u011b v katastru m\u011bsta;<\/li>\n\n\n\n<li>projekty na z\u00e1sadn\u00ed omezen\u00ed vzniku odpad\u016f;<\/li>\n\n\n\n<li>hledat mo\u017enosti likvidace sm\u011bsn\u00e9ho komun\u00e1ln\u00edho odpadu po roce 2030;<\/li>\n<\/ul>\n<\/li>\n\n\n\n<li><strong>turismus<\/strong>\n<ul class=\"wp-block-list\">\n<li>podpora v\u00edcedenn\u00ed turistiky;<\/li>\n\n\n\n<li>zatraktivn\u011bn\u00ed pam\u00e1tek UNESCO;<\/li>\n\n\n\n<li>z\u0159\u00edzen\u00ed p\u011b\u0161\u00ed z\u00f3ny v Z\u00e1most\u00ed.<\/li>\n<\/ul>\n<\/li>\n<\/ol>\n","protected":false},"excerpt":{"rendered":"<p>NA\u0160\u00cdM HLAVN\u00cdM C\u00cdLEM JEvysok\u00e1 kvalita \u017eivota pro ob\u010dany na\u0161eho m\u011bsta i jeho m\u00edstn\u00edch \u010d\u00e1st\u00ed a dobr\u00e9 jm\u00e9no T\u0159eb\u00ed\u010de na Vyso\u010din\u011b,<\/p>\n","protected":false},"author":1,"featured_media":0,"parent":0,"menu_order":0,"comment_status":"closed","ping_status":"closed","template":"","meta":{"colormag_page_layout":"default_layout","footnotes":""},"class_list":["post-61","page","type-page","status-publish","hentry"],"_links":{"self":[{"href":"https:\/\/zive-mesto.tr\/index.php?rest_route=\/wp\/v2\/pages\/61","targetHints":{"allow":["GET"]}}],"collection":[{"href":"https:\/\/zive-mesto.tr\/index.php?rest_route=\/wp\/v2\/pages"}],"about":[{"href":"https:\/\/zive-mesto.tr\/index.php?rest_route=\/wp\/v2\/types\/page"}],"author":[{"embeddable":true,"href":"https:\/\/zive-mesto.tr\/index.php?rest_route=\/wp\/v2\/users\/1"}],"replies":[{"embeddable":true,"href":"https:\/\/zive-mesto.tr\/index.php?rest_route=%2Fwp%2Fv2%2Fcomments&post=61"}],"version-history":[{"count":8,"href":"https:\/\/zive-mesto.tr\/index.php?rest_route=\/wp\/v2\/pages\/61\/revisions"}],"predecessor-version":[{"id":235,"href":"https:\/\/zive-mesto.tr\/index.php?rest_route=\/wp\/v2\/pages\/61\/revisions\/235"}],"wp:attachment":[{"href":"https:\/\/zive-mesto.tr\/index.php?rest_route=%2Fwp%2Fv2%2Fmedia&parent=61"}],"curies":[{"name":"wp","href":"https:\/\/api.w.org\/{rel}","templated":true}]}}